{"id":1469,"date":"2021-06-07T11:15:19","date_gmt":"2021-06-07T09:15:19","guid":{"rendered":"https:\/\/www.vanessatopf.de\/?page_id=1469"},"modified":"2025-01-04T13:18:33","modified_gmt":"2025-01-04T12:18:33","slug":"vanessa-topf","status":"publish","type":"page","link":"https:\/\/www.vanessatopf.de\/","title":{"rendered":"\u00dcber mich"},"content":{"rendered":"\n<p><\/p>\n\n\n\n<p>Ich bin Vanessa Topf, Schauspielerin, Regisseurin, Autorin und Fotografin. Meine Leidenschaft f\u00fcr das Theater begann vor 20 Jahren \u2013 damals als Schauspielerin. Doch schnell wurde mir klar, dass ich mehr wollte: Regie f\u00fchren, Texte schreiben, andere inspirieren und begleiten. Heute vereine ich all diese Rollen in meinem Schaffen und sehe mich als kreative Impulsgeberin, die Menschen ermutigt, ihre eigene B\u00fchne zu betreten \u2013 sei es im Theater oder im Leben. <\/p>\n\n\n\n<p><\/p>\n\n\n\n<h2 class=\"wp-block-heading has-secondary-color-color has-text-color has-link-color has-medium-font-size wp-elements-2b38df06c45cb02ab292a308c9693948\">Mein Weg: Vom Spiel zur Gestaltung<\/h2>\n\n\n\n<p><br>Was mit der Schauspielerei begann, wuchs organisch: Ich fand Freude daran, Theaterst\u00fccke zu schreiben und umzusetzen. Als Regisseurin liebe ich es, Visionen zum Leben zu erwecken, und als Theaterp\u00e4dagogin begeistert mich das Potenzial, das in jedem Einzelnen schlummert. Seit \u00fcber einem Jahrzehnt leite ich Gruppen \u2013 mit Kindern, Jugendlichen und Erwachsenen \u2013 und entdecke dabei immer wieder aufs Neue, wie kraftvoll kreativer Ausdruck sein kann.<\/p>\n\n\n\n<h2 class=\"wp-block-heading has-secondary-color-color has-text-color has-link-color has-medium-font-size wp-elements-fb884afcb4688c4c31c18514d3564ce6\"><br>Psychodrama und Improvisation<\/h2>\n\n\n\n<p><br>Besonders spannend finde ich die Verkn\u00fcpfung von Theater und Beratung. Hierbei sch\u00f6pfe ich aus meinem Handwerkskoffer, der mit systemischen, k\u00fcnstlerischen und psychodramatischen Methoden gef\u00fcllt ist. All diese Formen helfen dabei, sich selbst besser zu verstehen. Das Zusammenspiel von Gef\u00fchl, K\u00f6rper und Handlung erm\u00f6glicht es, Perspektiven zu wechseln und sich selbst neu zu entdecken. In meiner Arbeit geht es darum, Menschen dabei zu unterst\u00fctzen, in Bewegung zu kommen \u2013 innerlich wie \u00e4u\u00dferlich. <\/p>\n\n\n\n<h2 class=\"wp-block-heading has-secondary-color-color has-text-color has-link-color has-medium-font-size wp-elements-f11200ad9cfbca17f2676b6afca60eb2\"><br>Was mich antreibt<\/h2>\n\n\n\n<p><br>Mein Lebensweg war kein gerader, aber jeder Schlenker hat mich ein St\u00fcck weitergebracht. Heute kombiniere ich k\u00fcnstlerische Kreativit\u00e4t mit sozialer Kompetenz, methodische Vielfalt mit Leichtigkeit. Ich freue mich darauf, meine Erfahrungen und meine Leidenschaft mit dir zu teilen. Gemeinsam k\u00f6nnen wir neue Impulse setzen \u2013 sei es auf der B\u00fchne oder im Leben.<br>Melde dich gerne, wenn du Lust hast, kreativ zu werden, etwas Neues zu wagen oder einfach deine Spielfreude wiederzuentdecken!<\/p>\n\n\n\n<p><\/p>\n\n\n\n<p class=\"has-secondary-color-color has-text-color has-link-color has-medium-font-size wp-elements-d27dc1507b07d96274df019b08bfe575\"><strong>Mein Weg &#8211; die harten Fakten (Auswahl)<\/strong><\/p>\n\n\n\n<p><strong>2003<\/strong> &#8211; Abitur in Bonn<br><strong>2003-2005<\/strong> Studium der Geschichte und Philosophie (Friedrich-Wilhelms-Universit\u00e4t Bonn)<br><strong>2005-2009<\/strong> Schauspielausbildung (Schauspielschule Siegburg)<br><strong>2009<\/strong>&#8211; <strong>heute<\/strong> Schauspielerin, freiberuflich<br><strong>2013 &#8211; heute <\/strong>Dozentin f\u00fcr Schauspiel, Stimme und Improvisation (Auswahl)<br>Atelierb\u00fchne Bonn (seit 2019)<br>Stiftung Gemeindepsychiatrie Bonn Rhein-Sieg (2019-2024)<br>Junges Theater Leverkusen (2020-2022)<br>Jugendkunstgruppen der Stadt Leverkusen (2017-2020)<br>Kulturzentrum KaBeT\u00c9 (2013-2018)<br>Kulturrucksack NRW<br>Kulturzentrum KaBeT\u00c9 Bonn (2013-2018)<br><strong>2013 &#8211; heute<\/strong> Regisseurin, freiberuflich<br><strong>2013 &#8211; heute<\/strong> Autorin, freiberuflich (alle Ver\u00f6ffentlichungen unter <a href=\"https:\/\/www.vanessatopf.de\/?page_id=1615\" data-type=\"page\" data-id=\"1615\">AUTORIN<\/a>)<br><strong>2015-2016<\/strong> Assistentin des Gesch\u00e4ftsf\u00fchrenden Direktors<strong> <\/strong>(D\u00fcsseldorfer Schauspielhaus)<br><strong>2016<\/strong> <strong>&#8211; heute<\/strong> Theaterleiterin \/ K\u00fcnstlerische und Kaufm\u00e4nnische Leitung<br>Atelierb\u00fchne Bonn (seit 2019)<br>KUNSTraum (2016-2018)<br><strong>2019 &#8211; 2024<\/strong> Leitung Theater Fulminant (Stiftung Gemeindepsychiatrie Bonn-Rhein-Sieg)<br><strong>2020-2022<\/strong> Weiterbildung Monodrama (Moreno Institut Edenkoben \u00dcberlingen)<br><strong>2018-2022<\/strong> Weiterbildung Psychodrama, Abschluss als Psychodrama Praktikerin (Moreno Institut Stuttgart)<br><strong>2022-2023<\/strong> P\u00e4dagogische Erg\u00e4nzungskraft (Jugendfarm Bonn e.V.)<br><strong>2022-heute<\/strong> Studium der Sozialen Arbeit B.A. (FOM Hochschule)<br><strong>2023- heute<\/strong> Gruppenleitung OGS (Jugendfarm Bonn e.V.)<br><br><br><\/p>\n\n\n\n<p><\/p>\n\n\n\n<p><\/p>\n\n\n\n<p><\/p>\n\n\n\n<p><\/p>\n\n\n\n<p><\/p>\n\n\n\n<p><\/p>\n\n\n\n<p><\/p>\n\n\n\n<p><\/p>\n\n\n\n<p><\/p>\n\n\n\n<h2 class=\"wp-block-heading\"><br><\/h2>\n\n\n\n<p><\/p>\n\n\n\n<p><\/p>\n\n\n\n<p><br><\/p>\n","protected":false},"excerpt":{"rendered":"<p>Ich bin Vanessa Topf, Schauspielerin, Regisseurin, Autorin und Fotografin. Meine Leidenschaft f\u00fcr das Theater begann vor 20 Jahren \u2013 damals als Schauspielerin. Doch schnell wurde mir klar, dass ich mehr wollte: Regie f\u00fchren, Texte schreiben, andere inspirieren und begleiten. Heute vereine ich all diese Rollen in meinem Schaffen und sehe mich als kreative Impulsgeberin, die [&hellip;]<\/p>\n","protected":false},"author":1,"featured_media":2142,"parent":0,"menu_order":0,"comment_status":"closed","ping_status":"closed","template":"","meta":{"_vp_format_video_url":"","_vp_image_focal_point":[],"footnotes":""},"class_list":["post-1469","page","type-page","status-publish","has-post-thumbnail","hentry"],"_links":{"self":[{"href":"https:\/\/www.vanessatopf.de\/index.php?rest_route=\/wp\/v2\/pages\/1469","targetHints":{"allow":["GET"]}}],"collection":[{"href":"https:\/\/www.vanessatopf.de\/index.php?rest_route=\/wp\/v2\/pages"}],"about":[{"href":"https:\/\/www.vanessatopf.de\/index.php?rest_route=\/wp\/v2\/types\/page"}],"author":[{"embeddable":true,"href":"https:\/\/www.vanessatopf.de\/index.php?rest_route=\/wp\/v2\/users\/1"}],"replies":[{"embeddable":true,"href":"https:\/\/www.vanessatopf.de\/index.php?rest_route=%2Fwp%2Fv2%2Fcomments&post=1469"}],"version-history":[{"count":54,"href":"https:\/\/www.vanessatopf.de\/index.php?rest_route=\/wp\/v2\/pages\/1469\/revisions"}],"predecessor-version":[{"id":2632,"href":"https:\/\/www.vanessatopf.de\/index.php?rest_route=\/wp\/v2\/pages\/1469\/revisions\/2632"}],"wp:featuredmedia":[{"embeddable":true,"href":"https:\/\/www.vanessatopf.de\/index.php?rest_route=\/wp\/v2\/media\/2142"}],"wp:attachment":[{"href":"https:\/\/www.vanessatopf.de\/index.php?rest_route=%2Fwp%2Fv2%2Fmedia&parent=1469"}],"curies":[{"name":"wp","href":"https:\/\/api.w.org\/{rel}","templated":true}]}}