{"id":1599,"date":"2021-06-24T10:55:12","date_gmt":"2021-06-24T08:55:12","guid":{"rendered":"https:\/\/www.vanessatopf.de\/?page_id=1599"},"modified":"2026-01-16T13:57:06","modified_gmt":"2026-01-16T12:57:06","slug":"ueber-mich-2","status":"publish","type":"page","link":"https:\/\/www.vanessatopf.de\/?page_id=1599","title":{"rendered":"Theater"},"content":{"rendered":"\n<div class=\"wp-block-group is-layout-flow wp-block-group-is-layout-flow\">\n<div class=\"wp-block-group is-layout-flow wp-block-group-is-layout-flow\">\n<p><strong>2023-24<\/strong><br><strong>Enter Transit<\/strong><br>Regie: Volker Maria Engel <br>Brotfabrik B\u00fchne Bonn<\/p>\n\n\n\n<p>Rolle: Matrone<\/p>\n\n\n\n<p><strong>2024<br>DASDA &#8211; Stempeln gegen Stempeln<\/strong><br>Eine St\u00fcckentwicklung zum Thema Stigmatisierung von psychisch erkrankten Menschen mit dem Theater Fulminant<br>Premiere: 14.03.2024 in der Pauke Life<\/p>\n\n\n\n<p>Regie<\/p>\n\n\n\n<p><strong>2022<\/strong><br><strong>Herkules und der Stall des Augias <\/strong>(von Friedrich D\u00fcrrenmatt)<br>Brotfabrik B\u00fchne Bonn<br>Theater Fulminant der Gemeindepsychiatrie Bonn-Rhein-Sieg<\/p>\n\n\n\n<p>Regie<\/p>\n\n\n\n<p><strong>2022<\/strong><br><strong>Ich habe auch gelebt &#8211; Szenische Lesung<\/strong><br>Regie: Ensemble <br>Brotfabrik B\u00fchne Bonn<\/p>\n\n\n\n<p>Rolle: Astrid Lindgren<\/p>\n\n\n\n<p><strong>2019<\/strong><br><strong>Kasimir und Karoline <\/strong>(frei nach \u00d6d\u00f6n von Horvath)<br>Junges Theater Leverkusen<br>Jugendkunstgruppen der Stadt Leverkusen<\/p>\n\n\n\n<p>Regie<\/p>\n\n\n\n<p><strong>Tanz der Zeit <\/strong>(von Vanessa Topf)<br>Junges Theater Leverkusen<br>Jugendkunstgruppen der Stadt Leverkusen<\/p>\n\n\n\n<p>Text und Regie<\/p>\n\n\n\n<p><strong>2018<\/strong><br><strong>Siebzehn mal Leben <\/strong>(von Katharina Bigus)<br>Junges Theater Leverkusen<br>Jugendkunstgruppen der Stadt Leverkusen<\/p>\n\n\n\n<p>Regie<\/p>\n\n\n\n<p><strong>Das Geheimnis von Burg Rabenau<\/strong> (von Vanessa Topf)<br>Junges Theater Leverkusen<br>Jugendkunstgruppen der Stadt Leverkusen<\/p>\n\n\n\n<p>Text und Regie<\/p>\n\n\n\n<p><strong>Wo nichts ist, da wohnt keiner<\/strong> (von Ensemble)<br>KUNSTraum Theater<br>Theater DraufLos<\/p>\n\n\n\n<p>Regie<\/p>\n\n\n\n<p><strong>2017<\/strong><br><strong>Land ohne Worte<\/strong> (von Dea Loher)<br>KUNSTraum Theater<br>Monodrama f\u00fcr eine Schauspielerin<\/p>\n\n\n\n<p>Spiel und Regie<\/p>\n\n\n\n<p><strong>Worauf wartest du? <\/strong>(von Ensemble)<br>KUNSTraum Theater<br>Theater DraufLos<\/p>\n\n\n\n<p>Regie<\/p>\n\n\n\n<p><strong>2016<\/strong><br><strong>Alle sieben Wellen<\/strong> (von Daniel Glattauer)<br><em>Szenische Lesung<\/em><br>KUNSTraum Theater<br>Regie: Ensemble<\/p>\n\n\n\n<p>Rolle: Emma<\/p>\n\n\n\n<p><strong>2014-15<\/strong><br><strong>Gut gegen Nordwind<\/strong> (von Daniel Glattauer)<br><em>Szenische Lesung<\/em><br>KUNSTraum Theater\/Brotfabrik B\u00fchne Bonn<br>Regie: Ensemble<\/p>\n\n\n\n<p>Rolle: Emma<\/p>\n\n\n\n<p><strong>2015<\/strong><br><strong>Formel des Erwachsenwerdens<\/strong> (von Vanessa Topf)<br>KUNSTraum Theater<br>mit den \u201eSonnenkindern\u201c (Hilfe f\u00fcr psychisch Kranke e.V.)<\/p>\n\n\n\n<p>Text und Regie<\/p>\n\n\n\n<p><strong>Die Insel<\/strong> (von Vanessa Topf)<br>KUNSTraum Theater<br>Kindergruppe \u201eDie Sputniks\u201c<\/p>\n\n\n\n<p>Text und Regie<\/p>\n\n\n\n<p><strong>2014<\/strong><br><strong>Das Unbekannte in mir<\/strong><br>Brotfabrik B\u00fchne Bonn<br>Tanztheaterproduktion mit dem Tanztheater EigenArt<br>Regie: Petra Marx-Klo\u00df <\/p>\n\n\n\n<p>Rolle: Solo-Tanzperformance<\/p>\n\n\n\n<p><strong>2013-14<\/strong><br><strong>r@usgemobbt.de<\/strong><br>Comic On! Theaterproduktion K\u00f6ln<br>Pr\u00e4ventionstheater f\u00fcr Kinder und Jugendliche auf Tour<br>Regie: Dagmar Sch\u00f6nleber\/Jan Kaerlein<\/p>\n\n\n\n<p>Rolle: Lissy<\/p>\n\n\n\n<p><strong>2013-14<\/strong><br><strong>r@usgemobbt 2.0<\/strong><br>Comic On! Theaterproduktion K\u00f6ln<br>Pr\u00e4ventionstheater f\u00fcr Kinder und Jugendliche auf Tour<br>Regie: Dagmar Sch\u00f6nleber\/Jan Kaerlein <\/p>\n\n\n\n<p>Rolle: Chris<\/p>\n\n\n\n<p><strong>2013<\/strong><br><strong>Die ZeitAgenten<\/strong> (von Vanessa Topf)<br>Donatusschule Bonn<br>Theaterprojekt der 4.Klasse<\/p>\n\n\n\n<p>Text und Regie<\/p>\n\n\n\n<p><strong>2013<\/strong><br><strong>Vom Loslassen<\/strong> (von Ensemble)<br>Brotfabrik B\u00fchne Bonn<br>Tanztheater EigenArt<br>Regie: Petra Marx-Klo\u00df<\/p>\n\n\n\n<p>Soloperformance<\/p>\n\n\n\n<p><strong>2012-13<\/strong><br><strong>Schwestern<\/strong> (von Theo Fransz) <em>Wiederaufnahme<\/em><br>Brotfabrik B\u00fchne Bonn u.a.<br>Regie: Kathrin Marder<\/p>\n\n\n\n<p>Rolle: Mathilde<\/p>\n\n\n\n<p><strong>2012<\/strong><br><strong>Returning home <\/strong>(von Ensemble)<br>Brotfabrik B\u00fchne Bonn<br>Tanztheater EigenArt<br>Regie: Petra Marx-Klo\u00df <\/p>\n\n\n\n<p>Rolle: Sprecherin<\/p>\n\n\n\n<p><strong>2011-12<\/strong><br><strong>Amerika<\/strong> (nach Franz Kafka)<br>Brotfabrik B\u00fchne Bonn<br>Regie: Volker Maria Engel<\/p>\n\n\n\n<p>Rolle: Engel Fanny<\/p>\n\n\n\n<p><strong>2011<\/strong><br><strong>Mein Freund Harvey <\/strong>(von Mary Chase)<br>Schloss-Spiele Hohenlimburg\/Theater an der Volme<br>Regie: Dr. Peter Sch\u00fctze<\/p>\n\n\n\n<p>Rolle: Schwester Kelly<\/p>\n\n\n\n<p><strong>2010-11<\/strong><br><strong>Kabale und Liebe<\/strong> (von Friedrich Schiller)<br>Kulturbungalow Bonn\/Brotfabrik B\u00fchne Bonn<br>Regie: Judith Kriebel<\/p>\n\n\n\n<p>Rolle: Luise<\/p>\n\n\n\n<p><strong>2010<\/strong><br><strong>Einer flog \u00fcber das Kuckucksnest<\/strong> (von Ken Kesey)<br>Brotfabrik B\u00fchne Bonn<br>Regie: Volker Maria Engel<\/p>\n\n\n\n<p>Rolle: Schwester Flinn<\/p>\n\n\n\n<p><strong>Tartuffe <\/strong>(von Moli\u00e8re)<br>Schloss-Spiele Hohenlimburg<br>Regie: Dr. Peter Sch\u00fctze<\/p>\n\n\n\n<p>Rolle: Marianne<\/p>\n\n\n\n<p><strong>2009<\/strong><br><strong>Kopenhagen<\/strong> (von Michael Frayn)<br>Studiob\u00fchne Siegburg\/Museum Siegburg<br>Regie: Volker Maria Engel<\/p>\n\n\n\n<p>Rolle: Margrethe<\/p>\n\n\n\n<p><strong>Mord im Pfarrhaus<\/strong> (von Agatha Christie)<br>Schloss-Spiele Hohenlimburg<br>Regie: Dr. Peter Sch\u00fctze<\/p>\n\n\n\n<p>Rolle: Virginia Protheroe<\/p>\n\n\n\n<p><strong>2008-09<\/strong><br><strong>Schwestern <\/strong>(von Theo Fransz)<br>Studiob\u00fchne Siegburg\/Brotfabrik B\u00fchne Bonn u.a.<br>Regie: Kathrin Marder<\/p>\n\n\n\n<p>Rolle: Mathilde<\/p>\n\n\n\n<p><strong>Drau\u00dfen vor der T\u00fcr<\/strong> (von Wolfgang Borchert)<br>Freie Produktion in Hagen\/Auff\u00fchrungen in Hagen und Smolensk<br>Regie: Dr. Peter Sch\u00fctze<\/p>\n\n\n\n<p>Rolle: Tochter\/Beckmanns Frau<\/p>\n\n\n\n<p><strong>Elektra<\/strong> (von Hugo von Hofmannsthal)<br>Studiob\u00fchne Siegburg<br>Regie: Ren\u00e9 B\u00f6ttcher<\/p>\n\n\n\n<p>Rolle: Klyt\u00e4mnestra<\/p>\n\n\n\n<p><strong>2007<\/strong><br><strong>Agamemnon<\/strong> (von Aischylos)<br>Studiob\u00fchne Siegburg<br>Regie: Ren\u00e9 B\u00f6ttcher<\/p>\n\n\n\n<p>Rolle: Ein Alter\/Volk<\/p>\n\n\n\n<p><strong>Die Schneek\u00f6nigin<\/strong> (nach Hans Christian Andersen)<br>Studiob\u00fchne Siegburg<br>Regie: Ren\u00e9 B\u00f6ttcher<\/p>\n\n\n\n<p>Rolle: Prinzessin<\/p>\n\n\n\n<p><strong>2006<\/strong><br><strong>Das gro\u00dfe Massakerspiel<\/strong> (von Eug\u00e8ne Ionesco)<br>Studiob\u00fchne Siegburg<br>Regie: Ren\u00e9 B\u00f6ttcher<\/p>\n\n\n\n<p>Rolle: Mutter<\/p>\n\n\n\n<p><strong>2005\/06<\/strong><br><strong>Mord um Mord<\/strong> (von Wolfgang Binder)<br>Studiob\u00fchne Siegburg<br>Regie: Ren\u00e9 B\u00f6ttcher<\/p>\n\n\n\n<p>Rolle: Meike<\/p>\n\n\n\n<p><strong>2005<\/strong><br><strong>Max und die Zaubertrommel<\/strong> (Gerhard A. Meyer)<br>Studiob\u00fchne Siegburg<br>Regie: Ren\u00e9 B\u00f6ttcher<\/p>\n\n\n\n<p>Rolle: Volk<\/p>\n\n\n\n<p><strong>Kabale und Liebe<\/strong> (von Friedrich Schiller)<br>Studiob\u00fchne Siegburg<br>Regie: Peter Sch\u00fctze<\/p>\n\n\n\n<p>Rolle: Sophie<\/p>\n\n\n\n<h2 class=\"wp-block-heading\">H\u00d6RSPIELE<\/h2>\n\n\n\n<p><strong>2017<\/strong><br><strong>Insel-Krimi<\/strong>, Folge 1: Die Toten von Juist<br>Contendo Media GmbH<br>Regie: Markus Topf<\/p>\n\n\n\n<p>Rolle: Elke Jansson<\/p>\n\n\n\n<p><strong>2012<\/strong><br><strong>Pollution Police <\/strong>(4) Karolina und die Drogengangster<br>Pollution Police e.V.<br>Regie: Markus Topf<\/p>\n\n\n\n<p>Rolle: Karolina<\/p>\n\n\n\n<p><strong>2010<\/strong><br><strong>Horror-H\u00e4user<\/strong>\/Kurzarbeit<br>H\u00f6rfabrik<br>Regie: Horst Kurth<\/p>\n\n\n\n<p>Rolle: Erz\u00e4hlerin<\/p>\n\n\n\n<p><strong>2010<\/strong><br><strong>Chronos-Blick in die Zukunft<\/strong> (1) Das Kartell<br>Audiowerkstatt K\u00f6ln<br>Regie: Markus Topf<\/p>\n\n\n\n<p>Rolle: \u00c4rztin<\/p>\n\n\n\n<p><strong>2008<\/strong><br><strong>Ein Fall f\u00fcr Leon Kramer<\/strong> (5) Die Prophezeiung<br>Audiowerkstatt K\u00f6ln<br>Regie: Markus Topf<\/p>\n\n\n\n<p>Rolle: Krankenschwester<\/p>\n<\/div>\n<\/div>\n\n\n\n<div class=\"wp-block-group is-layout-flow wp-block-group-is-layout-flow\">\n<div class=\"wp-block-group alignwide is-layout-flow wp-block-group-is-layout-flow\">\n<div class=\"wp-block-columns is-layout-flex wp-container-core-columns-is-layout-28f84493 wp-block-columns-is-layout-flex\">\n<div class=\"wp-block-column is-layout-flow wp-block-column-is-layout-flow\"><\/div>\n<\/div>\n<\/div>\n\n\n\n<div class=\"wp-block-group alignwide is-layout-flow wp-block-group-is-layout-flow\">\n<div class=\"wp-block-columns is-layout-flex wp-container-core-columns-is-layout-28f84493 wp-block-columns-is-layout-flex\"><\/div>\n<\/div>\n<\/div>\n","protected":false},"excerpt":{"rendered":"<p>2023-24Enter TransitRegie: Volker Maria Engel Brotfabrik B\u00fchne Bonn Rolle: Matrone 2024DASDA &#8211; Stempeln gegen StempelnEine St\u00fcckentwicklung zum Thema Stigmatisierung von psychisch erkrankten Menschen mit dem Theater FulminantPremiere: 14.03.2024 in der Pauke Life Regie 2022Herkules und der Stall des Augias (von Friedrich D\u00fcrrenmatt)Brotfabrik B\u00fchne BonnTheater Fulminant der Gemeindepsychiatrie Bonn-Rhein-Sieg Regie 2022Ich habe auch gelebt &#8211; Szenische [&hellip;]<\/p>\n","protected":false},"author":1,"featured_media":0,"parent":0,"menu_order":0,"comment_status":"closed","ping_status":"closed","template":"","meta":{"_vp_format_video_url":"","_vp_image_focal_point":[],"footnotes":""},"class_list":["post-1599","page","type-page","status-publish","hentry"],"_links":{"self":[{"href":"https:\/\/www.vanessatopf.de\/index.php?rest_route=\/wp\/v2\/pages\/1599","targetHints":{"allow":["GET"]}}],"collection":[{"href":"https:\/\/www.vanessatopf.de\/index.php?rest_route=\/wp\/v2\/pages"}],"about":[{"href":"https:\/\/www.vanessatopf.de\/index.php?rest_route=\/wp\/v2\/types\/page"}],"author":[{"embeddable":true,"href":"https:\/\/www.vanessatopf.de\/index.php?rest_route=\/wp\/v2\/users\/1"}],"replies":[{"embeddable":true,"href":"https:\/\/www.vanessatopf.de\/index.php?rest_route=%2Fwp%2Fv2%2Fcomments&post=1599"}],"version-history":[{"count":61,"href":"https:\/\/www.vanessatopf.de\/index.php?rest_route=\/wp\/v2\/pages\/1599\/revisions"}],"predecessor-version":[{"id":2673,"href":"https:\/\/www.vanessatopf.de\/index.php?rest_route=\/wp\/v2\/pages\/1599\/revisions\/2673"}],"wp:attachment":[{"href":"https:\/\/www.vanessatopf.de\/index.php?rest_route=%2Fwp%2Fv2%2Fmedia&parent=1599"}],"curies":[{"name":"wp","href":"https:\/\/api.w.org\/{rel}","templated":true}]}}

<div class="wp-block-group is-layout-flow wp-block-group-is-layout-flow">
<div class="wp-block-group is-layout-flow wp-block-group-is-layout-flow">
<p><strong>2023-24</strong><br><strong>Enter Transit</strong><br>Regie: Volker Maria Engel <br>Brotfabrik Bühne Bonn</p>



<p>Rolle: Matrone</p>



<p><strong>2024<br>DASDA &#8211; Stempeln gegen Stempeln</strong><br>Eine Stückentwicklung zum Thema Stigmatisierung von psychisch erkrankten Menschen mit dem Theater Fulminant<br>Premiere: 14.03.2024 in der Pauke Life</p>



<p>Regie</p>



<p><strong>2022</strong><br><strong>Herkules und der Stall des Augias </strong>(von Friedrich Dürrenmatt)<br>Brotfabrik Bühne Bonn<br>Theater Fulminant der Gemeindepsychiatrie Bonn-Rhein-Sieg</p>



<p>Regie</p>



<p><strong>2022</strong><br><strong>Ich habe auch gelebt &#8211; Szenische Lesung</strong><br>Regie: Ensemble <br>Brotfabrik Bühne Bonn</p>



<p>Rolle: Astrid Lindgren</p>



<p><strong>2019</strong><br><strong>Kasimir und Karoline </strong>(frei nach Ödön von Horvath)<br>Junges Theater Leverkusen<br>Jugendkunstgruppen der Stadt Leverkusen</p>



<p>Regie</p>



<p><strong>Tanz der Zeit </strong>(von Vanessa Topf)<br>Junges Theater Leverkusen<br>Jugendkunstgruppen der Stadt Leverkusen</p>



<p>Text und Regie</p>



<p><strong>2018</strong><br><strong>Siebzehn mal Leben </strong>(von Katharina Bigus)<br>Junges Theater Leverkusen<br>Jugendkunstgruppen der Stadt Leverkusen</p>



<p>Regie</p>



<p><strong>Das Geheimnis von Burg Rabenau</strong> (von Vanessa Topf)<br>Junges Theater Leverkusen<br>Jugendkunstgruppen der Stadt Leverkusen</p>



<p>Text und Regie</p>



<p><strong>Wo nichts ist, da wohnt keiner</strong> (von Ensemble)<br>KUNSTraum Theater<br>Theater DraufLos</p>



<p>Regie</p>



<p><strong>2017</strong><br><strong>Land ohne Worte</strong> (von Dea Loher)<br>KUNSTraum Theater<br>Monodrama für eine Schauspielerin</p>



<p>Spiel und Regie</p>



<p><strong>Worauf wartest du? </strong>(von Ensemble)<br>KUNSTraum Theater<br>Theater DraufLos</p>



<p>Regie</p>



<p><strong>2016</strong><br><strong>Alle sieben Wellen</strong> (von Daniel Glattauer)<br><em>Szenische Lesung</em><br>KUNSTraum Theater<br>Regie: Ensemble</p>



<p>Rolle: Emma</p>



<p><strong>2014-15</strong><br><strong>Gut gegen Nordwind</strong> (von Daniel Glattauer)<br><em>Szenische Lesung</em><br>KUNSTraum Theater/Brotfabrik Bühne Bonn<br>Regie: Ensemble</p>



<p>Rolle: Emma</p>



<p><strong>2015</strong><br><strong>Formel des Erwachsenwerdens</strong> (von Vanessa Topf)<br>KUNSTraum Theater<br>mit den „Sonnenkindern“ (Hilfe für psychisch Kranke e.V.)</p>



<p>Text und Regie</p>



<p><strong>Die Insel</strong> (von Vanessa Topf)<br>KUNSTraum Theater<br>Kindergruppe „Die Sputniks“</p>



<p>Text und Regie</p>



<p><strong>2014</strong><br><strong>Das Unbekannte in mir</strong><br>Brotfabrik Bühne Bonn<br>Tanztheaterproduktion mit dem Tanztheater EigenArt<br>Regie: Petra Marx-Kloß </p>



<p>Rolle: Solo-Tanzperformance</p>



<p><strong>2013-14</strong><br><strong>r@usgemobbt.de</strong><br>Comic On! Theaterproduktion Köln<br>Präventionstheater für Kinder und Jugendliche auf Tour<br>Regie: Dagmar Schönleber/Jan Kaerlein</p>



<p>Rolle: Lissy</p>



<p><strong>2013-14</strong><br><strong>r@usgemobbt 2.0</strong><br>Comic On! Theaterproduktion Köln<br>Präventionstheater für Kinder und Jugendliche auf Tour<br>Regie: Dagmar Schönleber/Jan Kaerlein </p>



<p>Rolle: Chris</p>



<p><strong>2013</strong><br><strong>Die ZeitAgenten</strong> (von Vanessa Topf)<br>Donatusschule Bonn<br>Theaterprojekt der 4.Klasse</p>



<p>Text und Regie</p>



<p><strong>2013</strong><br><strong>Vom Loslassen</strong> (von Ensemble)<br>Brotfabrik Bühne Bonn<br>Tanztheater EigenArt<br>Regie: Petra Marx-Kloß</p>



<p>Soloperformance</p>



<p><strong>2012-13</strong><br><strong>Schwestern</strong> (von Theo Fransz) <em>Wiederaufnahme</em><br>Brotfabrik Bühne Bonn u.a.<br>Regie: Kathrin Marder</p>



<p>Rolle: Mathilde</p>



<p><strong>2012</strong><br><strong>Returning home </strong>(von Ensemble)<br>Brotfabrik Bühne Bonn<br>Tanztheater EigenArt<br>Regie: Petra Marx-Kloß </p>



<p>Rolle: Sprecherin</p>



<p><strong>2011-12</strong><br><strong>Amerika</strong> (nach Franz Kafka)<br>Brotfabrik Bühne Bonn<br>Regie: Volker Maria Engel</p>



<p>Rolle: Engel Fanny</p>



<p><strong>2011</strong><br><strong>Mein Freund Harvey </strong>(von Mary Chase)<br>Schloss-Spiele Hohenlimburg/Theater an der Volme<br>Regie: Dr. Peter Schütze</p>



<p>Rolle: Schwester Kelly</p>



<p><strong>2010-11</strong><br><strong>Kabale und Liebe</strong> (von Friedrich Schiller)<br>Kulturbungalow Bonn/Brotfabrik Bühne Bonn<br>Regie: Judith Kriebel</p>



<p>Rolle: Luise</p>



<p><strong>2010</strong><br><strong>Einer flog über das Kuckucksnest</strong> (von Ken Kesey)<br>Brotfabrik Bühne Bonn<br>Regie: Volker Maria Engel</p>



<p>Rolle: Schwester Flinn</p>



<p><strong>Tartuffe </strong>(von Molière)<br>Schloss-Spiele Hohenlimburg<br>Regie: Dr. Peter Schütze</p>



<p>Rolle: Marianne</p>



<p><strong>2009</strong><br><strong>Kopenhagen</strong> (von Michael Frayn)<br>Studiobühne Siegburg/Museum Siegburg<br>Regie: Volker Maria Engel</p>



<p>Rolle: Margrethe</p>



<p><strong>Mord im Pfarrhaus</strong> (von Agatha Christie)<br>Schloss-Spiele Hohenlimburg<br>Regie: Dr. Peter Schütze</p>



<p>Rolle: Virginia Protheroe</p>



<p><strong>2008-09</strong><br><strong>Schwestern </strong>(von Theo Fransz)<br>Studiobühne Siegburg/Brotfabrik Bühne Bonn u.a.<br>Regie: Kathrin Marder</p>



<p>Rolle: Mathilde</p>



<p><strong>Draußen vor der Tür</strong> (von Wolfgang Borchert)<br>Freie Produktion in Hagen/Aufführungen in Hagen und Smolensk<br>Regie: Dr. Peter Schütze</p>



<p>Rolle: Tochter/Beckmanns Frau</p>



<p><strong>Elektra</strong> (von Hugo von Hofmannsthal)<br>Studiobühne Siegburg<br>Regie: René Böttcher</p>



<p>Rolle: Klytämnestra</p>



<p><strong>2007</strong><br><strong>Agamemnon</strong> (von Aischylos)<br>Studiobühne Siegburg<br>Regie: René Böttcher</p>



<p>Rolle: Ein Alter/Volk</p>



<p><strong>Die Schneekönigin</strong> (nach Hans Christian Andersen)<br>Studiobühne Siegburg<br>Regie: René Böttcher</p>



<p>Rolle: Prinzessin</p>



<p><strong>2006</strong><br><strong>Das große Massakerspiel</strong> (von Eugène Ionesco)<br>Studiobühne Siegburg<br>Regie: René Böttcher</p>



<p>Rolle: Mutter</p>



<p><strong>2005/06</strong><br><strong>Mord um Mord</strong> (von Wolfgang Binder)<br>Studiobühne Siegburg<br>Regie: René Böttcher</p>



<p>Rolle: Meike</p>



<p><strong>2005</strong><br><strong>Max und die Zaubertrommel</strong> (Gerhard A. Meyer)<br>Studiobühne Siegburg<br>Regie: René Böttcher</p>



<p>Rolle: Volk</p>



<p><strong>Kabale und Liebe</strong> (von Friedrich Schiller)<br>Studiobühne Siegburg<br>Regie: Peter Schütze</p>



<p>Rolle: Sophie</p>



<h2 class="wp-block-heading">HÖRSPIELE</h2>



<p><strong>2017</strong><br><strong>Insel-Krimi</strong>, Folge 1: Die Toten von Juist<br>Contendo Media GmbH<br>Regie: Markus Topf</p>



<p>Rolle: Elke Jansson</p>



<p><strong>2012</strong><br><strong>Pollution Police </strong>(4) Karolina und die Drogengangster<br>Pollution Police e.V.<br>Regie: Markus Topf</p>



<p>Rolle: Karolina</p>



<p><strong>2010</strong><br><strong>Horror-Häuser</strong>/Kurzarbeit<br>Hörfabrik<br>Regie: Horst Kurth</p>



<p>Rolle: Erzählerin</p>



<p><strong>2010</strong><br><strong>Chronos-Blick in die Zukunft</strong> (1) Das Kartell<br>Audiowerkstatt Köln<br>Regie: Markus Topf</p>



<p>Rolle: Ärztin</p>



<p><strong>2008</strong><br><strong>Ein Fall für Leon Kramer</strong> (5) Die Prophezeiung<br>Audiowerkstatt Köln<br>Regie: Markus Topf</p>



<p>Rolle: Krankenschwester</p>
</div>
</div>



<div class="wp-block-group is-layout-flow wp-block-group-is-layout-flow">
<div class="wp-block-group alignwide is-layout-flow wp-block-group-is-layout-flow">
<div class="wp-block-columns is-layout-flex wp-container-core-columns-is-layout-28f84493 wp-block-columns-is-layout-flex">
<div class="wp-block-column is-layout-flow wp-block-column-is-layout-flow"></div>
</div>
</div>



<div class="wp-block-group alignwide is-layout-flow wp-block-group-is-layout-flow">
<div class="wp-block-columns is-layout-flex wp-container-core-columns-is-layout-28f84493 wp-block-columns-is-layout-flex"></div>
</div>
</div>

<p>2023-24Enter TransitRegie: Volker Maria Engel Brotfabrik Bühne Bonn Rolle: Matrone 2024DASDA &#8211; Stempeln gegen StempelnEine Stückentwicklung zum Thema Stigmatisierung von psychisch erkrankten Menschen mit dem Theater FulminantPremiere: 14.03.2024 in der Pauke Life Regie 2022Herkules und der Stall des Augias (von Friedrich Dürrenmatt)Brotfabrik Bühne BonnTheater Fulminant der Gemeindepsychiatrie Bonn-Rhein-Sieg Regie 2022Ich habe auch gelebt &#8211; Szenische [&hellip;]</p>
